b + 1. Let i be x(-2). Suppose y - 2*y = -4*j + 155, i*j = 5*y + 205. What is the highest common factor of j and 19?
19
Suppose 0 = -3*w - 0*w + 27. Calculate the highest common divisor of 33 and w.
3
Let y be 1023/15 + (-28)/(-35). Let u = y - 64. What is the highest common divisor of u and 55?
5
Suppose 3*b + 17 = -25. Suppose 8 = -7*f + 57. Let i be (-2)/b + 489/f. What is the greatest common factor of 10 and i?
10
Suppose 74*q - 93*q = -7790. Calculate the greatest common factor of q and 20.
10
Let g(o) = o + 1. Let f be g(0). Let n = -73 - -73. Suppose 0 = 5*k + p - 31, n = 5*k - 2*k - 3*p - 33. What is the highest common factor of k and f?
1
Suppose -2*q = -q - 639. Let u be q/(-12) + (-1)/(-4). Let y = u - -113. What is the greatest common divisor of y and 24?
12
Let t be (2 - 1)/((-3)/(-6)). Suppose 2*i + t*i = 36. Suppose -i*p + 5*p + 32 = 0. What is the greatest common divisor of p and 64?
8
Suppose 13 + 7 = 10*c. Calculate the greatest common divisor of c and 82.
2
Suppose 0 = 8*u - 90 + 2. Calculate the greatest common divisor of 737 and u.
11
Let w(d) = 2 + 2*d - d + 22. Let o be w(-6). Calculate the highest common factor of o and 144.
18
Let b(h) = 11*h**2 + h + 1. Let c be b(3). Let a = 145 - c. Calculate the highest common divisor of 126 and a.
42
Let b(d) = d**3 + d**2 - 7. Let u = -4 + 7. Let z be b(u). What is the greatest common factor of 203 and z?
29
Let b be (4/18 + (-605)/90)*-2. Suppose -5*q + 244 = -276. What is the highest common divisor of b and q?
13
Suppose 5*i = -0 + 10. Suppose i*q + 33 = -q. Let n = 20 + q. Calculate the greatest common divisor of 81 and n.
9
Suppose 200 = -o + 5*o. Suppose 4*z - 10 = o. Suppose 5*u - 4*u = z. What is the highest common factor of u and 120?
15
Let v(l) = 12*l**2 - 9*l + 21. Let f be v(3). What is the greatest common factor of f and 136?
34
Let y be (-4)/(-8)*(-6)/3*-61. Calculate the highest common divisor of y and 671.
61
Suppose -2*m + 4 = 2. Suppose -2*w = 4*o + 24, 27 = -3*w + 2*o - 1. Let h be (0 + -2)*w/(160/56). What is the greatest common divisor of h and m?
1
Let t = -2053 + 2061. Calculate the greatest common factor of 104 and t.
8
Suppose 10 - 8 = f. Suppose 0 = -f*k + 131 + 99. Calculate the highest common divisor of k and 46.
23
Let j = 40 - 0. Suppose -13*s + j = -12*s. Suppose d = 6*d - s. Calculate the greatest common factor of d and 20.
4
Let n be (-486)/(-10) - ((-6)/(-15))/(-1). Suppose 5*x - 111 = n. Suppose -2*y + 14 - 6 = 0. What is the highest common factor of y and x?
4
Let k be 2/5 + 24/(-60) + 450. Calculate the greatest common factor of 36 and k.
18
Suppose -119 = -8*u + 57. What is the highest common factor of 198 and u?
22
Let y = 256 + -184. Let t(d) = d**3 - 4*d**2 + 5*d - 2. Let u be t(3). Let m be (-1)/u + (-259)/(-28). What is the greatest common factor of y and m?
9
Suppose a - 5*i = -13, 0 = 4*a - 4*i - 7 - 5. Suppose -543 = -15*z + 822. Calculate the highest common factor of z and a.
7
Suppose 4*i + 240 = 5*d, 2*d - 3*i = i + 84. Let r be 43/(-15) - (-4)/(-30). Let t be 778/6 + (8/(-3) - r). What is the greatest common divisor of t and d?
26
Let a be ((-20)/15)/((-1)/3). Suppose -3 = -a*q + 2*b - b, -3*q + 3*b = 9. What is the highest common divisor of q and 14?
2
Suppose -5 + 41 = r. Suppose -6*v = -3*v - r. Let y be (-4)/6 - (-20)/(-30)*-7. What is the greatest common divisor of y and v?
4
Let w(d) = d**2 + 1 + 4 + 11. Let v be w(-7). Let u be (-1 - 12)/((-2)/4). What is the highest common factor of v and u?
13
Let t(s) = 119 - 80 + 3*s + 2*s - s. Let p be t(-7). Calculate the highest common divisor of 11 and p.
11
Let f(q) = -q**2 - 7*q + 5. Let a be f(3). Let g = a + 30. Calculate the highest common divisor of 40 and g.
5
Let y be (12/(-42))/((-30)/6195). What is the greatest common factor of 2 and y?
1
Let o(z) = -7*z - 26. Let j be o(-4). Suppose 0 = 3*t - 6 - 12. What is the greatest common divisor of t and j?
2
Let j = 125 + -53. Let x be 6/(-1 - -3 - 0). Let c(b) = 5*b**2 + b. Let q be c(x). Calculate the highest common factor of j and q.
24
Suppose 0 = -3*y + 7*y - 7616. Suppose a + 7*a = y. What is the highest common divisor of a and 34?
34
Suppose 3*b - 126 = -3*n + 2*n, -42 = -b - n. Suppose 0*c + b = 6*c. Calculate the highest common divisor of 77 and c.
7
Let n = -1828 - -4708. What is the highest common factor of n and 90?
90
Suppose 7 + 18 = 5*l. Let r be 1*4 + (2 - l). Let j = -7 + 11. Calculate the greatest common divisor of j and r.
1
Let b be ((-12)/(-27))/(4/18). Let u be b/(-7) + (-572)/(-91). What is the highest common divisor of u and 42?
6
Suppose -6*b + 3*n = -10*b + 394, 208 = 2*b - 4*n. What is the greatest common divisor of 25 and b?
25
Let l(q) = 5*q**2 - 11*q + 8. Let p be l(7). Suppose -4*r = 4*v - 22 - 46, 3*r - 49 = -v. What is the highest common divisor of r and p?
16
Suppose 2*o + 0*o = 12. Let x be (4/(-3))/((-16)/o - -2). Calculate the highest common factor of x and 1.
1
Suppose 0 = 4*k + z - 2793, -6*z = 3*k - 4*z - 2101. Calculate the greatest common divisor of 17 and k.
17
Let t = -310 + 365. Let d = 53 + -48. What is the highest common factor of d and t?
5
Let z be (-4)/(-6)*(-42)/(-28). Let c be 57/9 + z/(-3). Let r = 10 - c. What is the greatest common factor of 32 and r?
4
Suppose 3*g + 1394 = 2297. Calculate the greatest common divisor of 14 and g.
7
Let m(s) = 50 - 6*s + 45 - 104. Let x be m(-4). What is the greatest common factor of x and 75?
15
Suppose -10*a - 1656 = -19*a. Calculate the highest common divisor of 23 and a.
23
Suppose -z + 27 = -5*i, 3*i + 0*i + 25 = 5*z. Suppose -z*v = -7*v + 30. What is the greatest common factor of 3 and v?
3
Let g = 50 + -28. Suppose -3*j - 4 = -g. Let i be j + (16/(-4))/(-1). Calculate the highest common divisor of i and 30.
10
Let a = -477 - -637. What is the greatest common factor of a and 128?
32
Suppose 3*o - 8*o + 3*m - 4 = 0, -3*m = 5*o - 14. What is the highest common factor of 61 and o?
1
Let m be ((-93)/(-9))/((-1)/(-3)). Let k = 52 - m. Suppose 18*f = 15*f + 5*q + 29, 3*q + 6 = -2*f. What is the highest common divisor of k and f?
3
Suppose -4*q + 4 = -0. Let d be 0 + -3 + 67/q. Let t = d - 37. Calculate the greatest common divisor of 18 and t.
9
Suppose 86 = 5*b + 6. Let o be (-1)/((b/42)/(-8)). What is the greatest common divisor of 84 and o?
21
Suppose 5*v = -0 + 5, 0 = 2*q - 5*v - 91. Let p = 78 + -72. Calculate the greatest common divisor of q and p.
6
Suppose -88*a - 336 = -102*a. What is the greatest common factor of a and 48?
24
Suppose -14*y + 755 = -10*y - h, 2*y = -2*h + 380. What is the highest common divisor of y and 63?
63
Let g be 1*(2 + -5) + -1. Let z be (-110)/(-7) + g/(-14). Suppose 0 = 4*c + z - 56. What is the highest common divisor of 80 and c?
10
Let d(s) = -s**3 + 37*s**2 - 30*s + 107. Let o be d(36). Calculate the greatest common divisor of o and 19.
19
Suppose 5*j = n - 22, 4*j = -5*n + 17 + 35. Calculate the highest common divisor of n and 168.
12
Let r = -920 - -2323. What is the greatest common divisor of 61 and r?
61
Let u = -1304 - -1598. What is the greatest common factor of u and 3?
3
Let c be (4/(-2))/((-1)/16). Let m(f) = 2*f**3 - 13*f**2 - 8*f + 10. Let w be m(7). Let l = c + w. What is the greatest common factor of l and 70?
35
Let m(h) = h**3 + h**2 - h - 1. Let f be m(-1). Suppose 4*k - 99 = -o - k, -k + 1 = f. What is the highest common factor of 47 and o?
47
Suppose 79*a - 574 + 21 = 0. What is the greatest common factor of a and 63?
7
Suppose 2*p - 2915 = -265. What is the highest common divisor of p and 106?
53
Let g(u) = u**3 + 10*u**2 - u - 5. Let p be g(-10). Suppose 2*z = -0*z + 5*m + 291, -p*z = -4*m - 685. What is the greatest common factor of z and 19?
19
Let m(r) = -r**3 - 30*r**2 + 29*r - 50. Let u be m(-31). What is the highest common divisor of 132 and u?
12
Let r = 18 + -15. Suppose -3*c = r*j - 65 - 61, 2*j - 102 = 4*c. Calculate the greatest common factor of j and 9.
9
Let v(r) = -2*r**3 + 9*r**2 + 5*r - 6. Let w be v(4). Calculate the greatest common factor of 420 and w.
30
Let a be 22 - (-3)/((-12)/(-16)). Let j = a - 13. What is the greatest common divisor of 39 and j?
13
Let b(f) = f**3 - 3*f**2 + 11*f - 7. Let h be b(7). Let t be (-4)/(-48)*-3 + (-459)/(-12). Calculate the greates